)/(3/(-30)). Let s(y) = q*u(y) + 3*k(y). What is the tens digit of s(-5)?
1
Let o be (9 + -12)/(26/16 - 2). Suppose -o*g = -33*g + 6750. What is the tens digit of g?
7
Let v = -64 - -75. Let h(u) = -u**2 + 13*u - 15. Let w be h(v). Let o = 16 - w. What is the units digit of o?
9
Suppose 3*l + 4*k = 9778, k - 6005 - 3770 = -3*l. What is the hundreds digit of l?
2
Suppose -f + 1309 = -2*b, 127 = 5*b - 3*f + 3398. Let a = b + 1230. What is the hundreds digit of a?
5
Let g(c) = 5*c**3 - 21*c**2 - 204*c + 187. What is the ten thousands digit of g(27)?
7
Let w = -915 + 2084. What is the units digit of w?
9
Let k = 54 + -49. Let a(i) = i**3 - 4*i**2 - 2*i - 11. Let l be a(k). Suppose -x + 95 = 2*o - 11, o = -l*x + 389. What is the units digit of x?
6
Let s(r) = 2*r**2 - 10*r - 2. Let p be s(6). Let t be 10/(-25) - (-2754)/p. Suppose -3*i - 92 = -t. What is the tens digit of i?
6
What is the units digit of ((-2860)/(-9))/(404/1818)?
0
Suppose 5*b + 89 = 3*a + 6469, -8 = 4*b. Let i = -1292 - a. What is the tens digit of i?
3
Let t be 11/(11/(-6))*1172/8. Let q = t - -1266. What is the tens digit of q?
8
Let i(s) = 8*s + 49. Let w(u) = -2*u - 2. Let v(r) = i(r) + 5*w(r). Let k be (-7)/((-7)/12) + -1. What is the units digit of v(k)?
7
Let w = -3660 - -5514. What is the hundreds digit of w?
8
Suppose -7*s + 12*s - 437175 = -24*s. What is the ten thousands digit of s?
1
Suppose -31*i = -49*i + 24336. Suppose -8*n + 2936 = -i. What is the hundreds digit of n?
5
Suppose 0 = -416*n + 417*n - 2. Suppose 2*s = -2*k + 2092, s = -n*k + 273 + 1821. What is the tens digit of k?
4
Let o(j) = 6 + 10*j - 8 - 2 - 25*j. Suppose -5 + 8 = -3*r. What is the tens digit of o(r)?
1
Suppose -23*u + 9 + 129 = 0. What is the hundreds digit of (-2 + 115)/(u/24)?
4
Let v be (-30)/(-4)*(-52)/(-78). Suppose -v*c + 3798 = -1907. What is the hundreds digit of c?
1
Suppose -c + 5*y = 371, -y + 5*y = 5*c + 1834. Let s be (-4)/(8/c)*2/3. Suppose -2*t - 2*q + 244 = 0, -2*t - q = -120 - s. What is the tens digit of t?
2
Suppose 2*h = -3*u + 4204, -3*u + 2*h + 2240 = -1968. Suppose -3*j = -0*t - 2*t + u, 5*j = 3*t - 2104. What is the hundreds digit of t?
6
Let r(y) = -y**2 + 5*y - 4. Let h be r(3). Suppose 3 = -t - j, 4*j - h = t + 26. What is the tens digit of -2 - 40*20/t?
9
What is the hundreds digit of 200592/49 + 6/21?
0
Let x = 116 - 113. Suppose q + 2 = 0, -x*n + 7*n = -3*q + 2. Suppose 0 = -n*s + 60 + 58. What is the units digit of s?
9
Suppose 10*i + 18 = 8*i. Suppose -r = -3*t + 60, -5*r + 93 - 363 = -5*t. Let d = i - r. What is the tens digit of d?
4
What is the units digit of ((-12)/10)/(6/30) - -932?
6
Suppose 0 = -4*l + l - 2*c - 229, 5*c - 48 = l. Let j = l - -160. What is the tens digit of j?
8
Suppose -5*a = 4*i - 115, -2*a = -2*i - 6*a + 50. Suppose i*l - 33*l - 3*f = 2284, -2*f = -l + 1140. What is the thousands digit of l?
1
Suppose -3*l - 2406 = 2*c - 2*l, 5*l - 2382 = 2*c. Let s = -1719 - c. What is the hundreds digit of 18/45 - s/5?
1
Let b(m) = -m**3 + 8*m**2 + 8*m + 7. Let w = -32 - -41. Let i be b(w). What is the units digit of -4 - -4 - -153 - i?
5
Suppose -98737 - 61055 = -12*v. What is the hundreds digit of v?
3
Let y(s) = -s**2 - s + 13. Let a(o) = o**2 + 2*o - 25. Let u(k) = 2*a(k) + 5*y(k). Let l be u(-5). Let d = 134 + l. What is the tens digit of d?
7
Suppose 2 = v, -5*r + 2*v + 67 = -109. Let b be ((-60)/r)/((-10)/12). Suppose -7*g = -b*g - 140. What is the tens digit of g?
2
Suppose 23*s + 72593 = -14485. Let v = -1867 - s. What is the tens digit of v?
1
Suppose -2*x + 2*n + 89260 = 0, 3*x - 1381*n - 133914 = -1386*n. What is the thousands digit of x?
4
Suppose 0 = 19*z - 128244 + 21258 - 68973. What is the hundreds digit of z?
2
Let w(x) = -2 - 6*x**2 + 0*x**3 + x**3 - 7*x + 9 + 5. Let z be w(5). Let r = z - -72. What is the tens digit of r?
2
Suppose i = h + 102, -h - 109 = i - 11. Let l = 1416 - h. What is the units digit of l?
6
Suppose 4*k = h - 4*h - 425, 4*k - 290 = 2*h. Let d = -140 - h. What is the units digit of d?
3
Suppose -4*s + 28413 = 48*m - 44*m - 11787, 0 = -m. What is the hundreds digit of s?
0
Let f(l) = -2*l**3 - 2*l**2 - 4*l - 11. Let g(j) = 3*j**3 + 3*j**2 + 6*j + 16. Let y(i) = 7*f(i) + 5*g(i). Let m = 10 + -7. What is the units digit of y(m)?
5
Suppose j = 2*f + 51, 2*f + 5*j + 40 = -29. Let g = f + 30. Suppose -2*y + 47 = -g*q + 254, -4*q + y = -276. What is the units digit of q?
9
Let c(x) be the second derivative of -x**5/20 - x**4/4 + x**3 - x**2 + 2*x - 48. Let p be (-10)/45 - 43/9. What is the units digit of c(p)?
8
Let d(k) = k. Let f(j) = 2*j**2 - 26*j + 134. Let s(a) = -6*d(a) + f(a). What is the units digit of s(27)?
8
Let g(f) = -f**3 - 17*f**2 - 24*f - 53. Let k be g(-12). Let j = k + 1697. What is the units digit of j?
2
Let m(g) = 4*g**2 + 43*g - 12. Let d be m(-16). What is the units digit of ((-9)/(d/477))/(1/(-8))?
6
Suppose 0 = 414*g - 410*g - 5*w - 107058, 3*g = 3*w + 80295. What is the units digit of g?
7
Let f(i) be the first derivative of i**4/4 + 22*i**3/3 - 27*i**2/2 + 56*i - 21. What is the hundreds digit of f(-23)?
1
Let r(w) be the third derivative of w**5/15 + 3*w**4/4 - 37*w**3/3 - w**2 + 16. What is the units digit of r(17)?
8
Let p(l) = -7*l - 16. Let r be p(-5). Suppose -21 = -8*j + r. Suppose 119 = j*d - 2*a, a = -2*d + d + 21. What is the tens digit of d?
2
Suppose -2*k + 3*l = 6, -4*k + k + 1 = -2*l. Suppose 5*i - 1244 = -k*s, -i + 979 = 3*s - 273. What is the hundreds digit of s?
4
Suppose -14 = -3*v + 4*c, 4*c = -2*v + 8*c + 12. What is the units digit of (574/(-5))/(3/(-15)) - v?
2
What is the tens digit of (-459420)/(-45) - (-4)/6?
1
Suppose 44*d - 20644 = 54197 + 176003. What is the tens digit of d?
0
Suppose 2*r - 3*s - 2397 - 426 = 0, -5*s = -2*r + 2817. Suppose -6*k + d = -k - r, -3*k + d + 850 = 0. What is the units digit of k?
3
What is the tens digit of (7 + (-85)/10)/(3 + (-888174)/296052)?
7
Let o(f) = -7*f**2 - 136*f + 231. Let u be o(-21). Let z be (1*-257)/((-2)/4). Suppose u = -137*v + 139*v - z. What is the tens digit of v?
5
Let l = -6 - -10. Suppose -5*q = -5*b + 40, l*b + b = -5*q + 30. What is the units digit of (-8)/b + (-4)/(-28) + 27?
6
Let p(x) = 6*x**2 - 9*x + 30. Let m be p(9). Suppose 13*c = -2*c + m. What is the units digit of c?
9
Let m be 16/(1008/27) - 26256/14. Let w = -828 - m. What is the thousands digit of w?
1
Let n(s) = -2*s**2 + s - 1. Let x(a) = 26*a**2 + 4*a - 45. Let w(r) = 6*n(r) + x(r). What is the tens digit of w(5)?
4
Suppose 402056 + 13006 = 32*x - 183338. What is the tens digit of x?
0
Let c = 25139 - 1951. What is the thousands digit of c?
3
Suppose 6*y - 109 = -4*z + y, z = 3*y + 23. Suppose 2*d - 4*d = -z. Suppose -q = -d - 40. What is the units digit of q?
3
Let t(a) = a**3 + 6*a**2 - 10*a - 19. Let h be t(-7). Suppose -4*q - 1077 = -5*o, -3*o = 2*q - h*o + 549. Let z = -160 - q. What is the tens digit of z?
1
Let x = -56 - -62. Let o be (x/4)/(((-30)/276)/(-5)). Suppose 0 = 2*p - v - o, -p + 3*v = -0*v - 27. What is the units digit of p?
6
Suppose 5*b - 42675 = 24*c - 19*c, 0 = 4*b - c - 34125. What is the thousands digit of b?
8
Suppose 5*q + 505 = z, 5*z + 7*q = 6*q + 2473. Let l = z - 199. What is the hundreds digit of l?
2
Let m be (5 + 102/(-12))*40/(-14). Let i(b) = b**3 + b**2 - 7*b - 38. What is the tens digit of i(m)?
9
Suppose -4*a - 3*s = -84, -4*a + 52 = -5*s - 0*s. Suppose 12360 = -3*o + a*o. What is the hundreds digit of o?
8
Let m be 0/(3 - (-4)/(-1)). Let u be 5 - (1 + (0 - m)). Suppose i + 259 = 2*b - 4*i, 573 = u*b + i. What is the hundreds digit of b?
1
Let f be 22/10 + 1 - 38/190. Suppose -4096 = -4*p + 3*v, -f*p + 3051 = 11*v - 8*v. What is the tens digit of p?
2
Let x(g) = -g**3 - 6*g**2 + 4. Let u be x(-6). Let s(w) be the third derivative of w**5/15 + 5*w**4/24 - 13*w**3/6 - 91*w**2. What is the units digit of s(u)?
1
Let y(s) = 21*s - 53. Suppose -3*r - 242 = -5*g + 4*g, r + 2*g = -90. Let p = 89 + r. What is the tens digit of y(p)?
9
Let t = 51 + -56. Let p = t + 7. Suppose 25 = -p*g + 3*n + 96, 0 = -g + 4*n + 28. What is the units digit of g?
0
Suppose -5*l = -7*k + 4*k + 16405, 10942 = 2*k - 2*l. Suppose -25*u + 4400 + k = 0. What is the hundreds digit of u?
3
What is the thousands digit of 130/35 + (-2)/(-7) -